{"id":15,"date":"2023-09-08T22:03:56","date_gmt":"2023-09-09T01:03:56","guid":{"rendered":"https:\/\/subdominioteste.brasilembrisa.com.br\/?post_type=product&#038;p=15"},"modified":"2023-09-08T22:04:22","modified_gmt":"2023-09-09T01:04:22","slug":"vestido-verde","status":"publish","type":"product","link":"https:\/\/subdominioteste.brasilembrisa.com.br\/index.php\/produto\/vestido-verde\/","title":{"rendered":"vestido verde"},"content":{"rendered":"<p>Anne Fernandes \u00e9 uma renomada estilista conhecida por suas cria\u00e7\u00f5es \u00fanicas e elegantes, e seu vestido longo com bolso lateral \u00e9 um exemplo perfeito de sua habilidade em combinar funcionalidade com moda. Este vestido \u00e9 uma pe\u00e7a vers\u00e1til que pode ser usada em uma variedade de ocasi\u00f5es, desde eventos formais at\u00e9 encontros casuais. O bolso lateral \u00e9 um toque inteligente, adicionando praticidade ao estilo. Al\u00e9m disso, Anne Fernandes \u00e9 conhecida por sua aten\u00e7\u00e3o aos detalhes e pela qualidade excepcional de seus materiais, garantindo que seus clientes se sintam n\u00e3o apenas elegantes, mas tamb\u00e9m confort\u00e1veis em suas cria\u00e7\u00f5es. Este vestido longo com bolso lateral \u00e9 uma escolha perfeita para mulheres que buscam uma pe\u00e7a de alta costura que combine sofistica\u00e7\u00e3o e utilidade em um s\u00f3 pacote.<\/p>\n<div id=\"acfifjfajpekbmhmjppnmmjgmhjkildl\" class=\"acfifjfajpekbmhmjppnmmjgmhjkildl\"><\/div>\n<div id=\"acfifjfajpekbmhmjppnmmjgmhjkildl\" class=\"acfifjfajpekbmhmjppnmmjgmhjkildl\"><\/div>\n","protected":false},"excerpt":{"rendered":"<p>Anne Fernandes \u00e9 uma renomada estilista conhecida por suas cria\u00e7\u00f5es \u00fanicas e elegantes, e seu vestido longo com bolso lateral \u00e9 um exemplo perfeito de sua habilidade em combinar funcionalidade com moda. Este vestido \u00e9 uma pe\u00e7a vers\u00e1til que pode ser usada em uma variedade de ocasi\u00f5es, desde eventos formais at\u00e9 encontros casuais. O bolso lateral \u00e9 um toque inteligente, adicionando praticidade ao estilo. Al\u00e9m disso, Anne Fernandes \u00e9 conhecida por sua aten\u00e7\u00e3o aos detalhes e pela qualidade excepcional de seus materiais, garantindo que seus clientes se sintam n\u00e3o apenas elegantes, mas tamb\u00e9m confort\u00e1veis em suas cria\u00e7\u00f5es. Este vestido longo com bolso lateral \u00e9 uma escolha perfeita para mulheres que buscam uma pe\u00e7a de alta costura que combine sofistica\u00e7\u00e3o e utilidade em um s\u00f3 pacote.<\/p>\n<div id=\"acfifjfajpekbmhmjppnmmjgmhjkildl\" class=\"acfifjfajpekbmhmjppnmmjgmhjkildl\"><\/div>\n<div id=\"acfifjfajpekbmhmjppnmmjgmhjkildl\" class=\"acfifjfajpekbmhmjppnmmjgmhjkildl\"><\/div>\n","protected":false},"featured_media":20,"comment_status":"open","ping_status":"closed","template":"","meta":{"site-sidebar-layout":"default","site-content-layout":"","ast-site-content-layout":"default","site-content-style":"default","site-sidebar-style":"default","ast-global-header-display":"","ast-banner-title-visibility":"","ast-main-header-display":"","ast-hfb-above-header-display":"","ast-hfb-below-header-display":"","ast-hfb-mobile-header-display":"","site-post-title":"","ast-breadcrumbs-content":"","ast-featured-img":"","footer-sml-layout":"","theme-transparent-header-meta":"default","adv-header-id-meta":"","stick-header-meta":"","header-above-stick-meta":"","header-main-stick-meta":"","header-below-stick-meta":"","astra-migrate-meta-layouts":"set"},"product_cat":[15],"product_tag":[],"_links":{"self":[{"href":"https:\/\/subdominioteste.brasilembrisa.com.br\/index.php\/wp-json\/wp\/v2\/product\/15"}],"collection":[{"href":"https:\/\/subdominioteste.brasilembrisa.com.br\/index.php\/wp-json\/wp\/v2\/product"}],"about":[{"href":"https:\/\/subdominioteste.brasilembrisa.com.br\/index.php\/wp-json\/wp\/v2\/types\/product"}],"replies":[{"embeddable":true,"href":"https:\/\/subdominioteste.brasilembrisa.com.br\/index.php\/wp-json\/wp\/v2\/comments?post=15"}],"wp:featuredmedia":[{"embeddable":true,"href":"https:\/\/subdominioteste.brasilembrisa.com.br\/index.php\/wp-json\/wp\/v2\/media\/20"}],"wp:attachment":[{"href":"https:\/\/subdominioteste.brasilembrisa.com.br\/index.php\/wp-json\/wp\/v2\/media?parent=15"}],"wp:term":[{"taxonomy":"product_cat","embeddable":true,"href":"https:\/\/subdominioteste.brasilembrisa.com.br\/index.php\/wp-json\/wp\/v2\/product_cat?post=15"},{"taxonomy":"product_tag","embeddable":true,"href":"https:\/\/subdominioteste.brasilembrisa.com.br\/index.php\/wp-json\/wp\/v2\/product_tag?post=15"}],"curies":[{"name":"wp","href":"https:\/\/api.w.org\/{rel}","templated":true}]}}